greatest common factor of h and i?
1
Suppose 3*t + 5*u - 10 = 5*t, -2*t - 5*u + 10 = 0. Suppose 4*h + y - 45 = t, -5*h + 2*y = -4*h. What is the highest common divisor of h and 40?
10
Let k = 90 + -86. Calculate the highest common factor of k and 2.
2
Let x be (2/(-4))/((-1)/4). Suppose -x*u = u - 36. Let y = -3 + 11. What is the highest common divisor of y and u?
4
Suppose -h - h = -22. Let s be ((-66)/8)/(2/(-8)). What is the greatest common divisor of h and s?
11
Suppose -2*d + 3 - 1 = 0. Suppose -t + 4 = d. Suppose 2*m = 4*m + 5*x - 40, 2*m + t*x = 40. Calculate the highest common divisor of m and 8.
4
Suppose -3*a = -9 - 15. What is the highest common divisor of a and 12?
4
Let t(b) = -2*b - 7. Suppose 4*x - 1 + 5 = -4*o, -2*o - 4*x - 12 = 0. Let r = -3 - o. Let n be t(r). What is the highest common divisor of 35 and n?
7
Suppose 3 = -4*d + 7. Suppose 0*r - 4*r = 0. Let g = r - -4. What is the greatest common factor of d and g?
1
Suppose 2*r + 3*j + 0*j - 17 = 0, -r = 4*j - 16. Suppose 5*t - 2*b + 112 = 2*t, -b - 165 = 5*t. Let i = -18 - t. What is the greatest common divisor of i and r?
4
Suppose -3*p - 86 = -386. Calculate the highest common divisor of 20 and p.
20
Suppose 3*m - 3*f - 243 = 0, -243 = -3*m - 2*f - 3*f. Let i = -16 + 25. Calculate the greatest common divisor of m and i.
9
Suppose 2*j - 3*z + 0*z - 29 = 0, 3*j - 49 = -z. Let v = 17 - j. Suppose p = -p + 2. Calculate the highest common factor of p and v.
1
Let m(w) be the third derivative of 5*w**4/6 + w**3/6 - 5*w**2. Let x be m(1). What is the greatest common factor of 7 and x?
7
Let t = -1 + 6. Suppose -3*x - 128 = -8*x - 2*q, t*x - 104 = 4*q. What is the greatest common factor of x and 16?
8
Let t be 3/(3 - 3/2). Calculate the greatest common factor of 16 and t.
2
Suppose 3*d - 3*a = 6*d - 54, -4*a = -3*d + 61. Calculate the greatest common factor of d and 19.
19
Suppose 4*b - 46 = -3*t, -3 + 15 = 3*b. Let z(q) = -q**3 + 8*q**2 + 6*q + 2. Let f be z(6). Calculate the greatest common factor of t and f.
10
Suppose -2*k + 5*x + 74 = 19, 92 = 3*k + 2*x. What is the highest common factor of 40 and k?
10
Let r be 2/(-10) + 9/(-15)*-2. Suppose 3*u - 5*m - 13 = 7, -2*m = 5*u - 23. Let k = u - r. Calculate the greatest common factor of k and 4.
4
Let z = 8 + -4. Suppose -z*w = -2*w - 90. Suppose -2*i - w = -3*i. What is the highest common divisor of i and 30?
15
Let n(k) be the third derivative of -1/24*k**4 + 3*k**2 + 0*k**3 + 1/60*k**5 + 0*k + 0. Let j be n(-3). What is the highest common factor of 84 and j?
12
Let o(p) be the first derivative of 19*p**2/2 - 2*p - 2. Let g be o(2). What is the highest common divisor of 24 and g?
12
Let d(s) = -s**2 - 3*s + 4. Let l be d(-10). Let a be (-12)/l + 612/22. Let q = -14 + a. What is the greatest common factor of q and 98?
14
Let f be 8/44 + 534/(-33). Let h = -8 - f. What is the highest common factor of h and 24?
8
Let b be (-324)/(-10) + 22/(-55). Calculate the highest common factor of 4 and b.
4
Let l = 96 + -66. Let k(c) = 5*c**2 - 2*c - 1. Let m be k(-1). What is the greatest common factor of m and l?
6
Let l = -4 - -11. Calculate the highest common factor of l and 1.
1
Suppose 114 = -3*c + 741. Let w = 33 - 14. What is the highest common factor of c and w?
19
Let s = -23 + 42. Let i = s - 8. Calculate the greatest common divisor of i and 88.
11
Let t be (-3 + 5 + -4)*(-6 + -32). Calculate the greatest common factor of t and 38.
38
Let o = 47 + -40. What is the greatest common factor of 7 and o?
7
Let l(k) = 5*k - 13. Let u be l(4). Calculate the greatest common factor of 7 and u.
7
Let y(s) = s**3 - 5*s**2 - 5*s - 1. Let h be y(6). Suppose -2*g - 13 - 3 = -3*i, h = 5*i + g. What is the highest common factor of i and 16?
2
Let s(m) = -2*m**2 - 26*m + 6. Let o be s(-13). What is the greatest common factor of 12 and o?
6
Let r be 28/(-210) + (-334)/(-30). What is the greatest common factor of r and 22?
11
Let h = -2 + 2. Suppose 3*p + 4*q - 21 = 0, 4*p = -h*q + 4*q. Suppose p*y = 4*o + 80, -4*y + 3*y = 3*o - 18. Calculate the highest common factor of 3 and y.
3
Let s be 286/5 - 1/5. Calculate the highest common factor of 19 and s.
19
Suppose l - 55 = 127. Let w = l + -101. Calculate the highest common divisor of w and 9.
9
Let p(c) be the second derivative of -c**2 + 0 + c + 5/6*c**3 + 1/2*c**4 + 1/20*c**5. Let x be p(-4). What is the highest common factor of 30 and x?
10
Let l(s) = -s**3 - 6*s**2 - s + 7. Let w be l(-6). What is the greatest common factor of 65 and w?
13
Let d(f) = 2*f**2 - f - 1. Let c(j) = j + 8. Let y be c(-6). Suppose -y*z + 1 = -3*z. Let l be d(z). Calculate the highest common divisor of l and 8.
2
Let r(u) = 3*u + 1. Let b be r(1). Suppose z = b*z - 6. Suppose 4*l = -5*i + 46 + 169, 0 = 5*l + z*i - 256. What is the highest common factor of 20 and l?
10
Let n = 438 + -179. Calculate the greatest common factor of n and 37.
37
Suppose 0 = -3*j - 4 + 28. What is the highest common factor of 40 and j?
8
Suppose 2*q = 4*t + 2, -t + 4*q - 4 = 2*t. Suppose 1 + t = j. What is the highest common divisor of j and 2?
1
Suppose x - 6 = -7. Let h be x/((8/(-10))/4). What is the highest common divisor of h and 45?
5
Let f be 3*3*(-16)/(-6). Let p be (-22)/(-8) + 48/(-64). Suppose 0 = -0*b + p*b - f. What is the greatest common factor of 30 and b?
6
Suppose -3*s + 199 + 146 = 4*j, 475 = 5*j - 5*s. What is the highest common divisor of 10 and j?
10
Let i(a) = -a**3 - 6*a**2 - 2*a - 4. Let w be i(-6). Calculate the highest common factor of w and 1.
1
Let n = 289 + -161. Calculate the highest common divisor of 16 and n.
16
Let d(p) = -p + 3. Let h(s) = s + 2. Let k be h(0). Suppose -k*l = 3 + 5. Let v be d(l). Calculate the highest common divisor of 63 and v.
7
Suppose -6*m + 112 = -8. What is the highest common factor of m and 60?
20
Suppose -4 = -2*v + 6. Suppose -v*s = -s + p - 55, -4*s = 2*p - 50. Let j be s/(-1*(-2)/6). Calculate the greatest common factor of j and 30.
15
Let t be 1 - -2 - 1*-123. Let d be 6/8 - ((-49)/4 - 1). What is the highest common divisor of t and d?
14
Suppose 0 = -3*x + 4*u + 162, 2*x + 0*x = -5*u + 108. Let j = 11 - 8. Let c(w) = 2*w. Let r be c(j). Calculate the highest common factor of x and r.
6
Suppose -3*q = 6, 4*q = r - 0*r - 10. Suppose r*f - 2 + 0 = 0. Let p(l) = -l**3 + l + 7. Let n be p(0). Calculate the greatest common divisor of f and n.
1
Let w = -25 - -17. Let o = w - -13. Suppose o*g = 7*g - 36. Calculate the greatest common divisor of 6 and g.
6
Let m be (-2)/6 - (-22)/3. Let w be ((-20)/12 - -2)*12. Suppose 29 - 225 = -w*h. What is the highest common divisor of h and m?
7
Let l be (-6)/(-9) - (-5)/(-3). Let u be (-1)/(-2*l/(-2)). Let d be -2 + (u/1 - -36). What is the highest common divisor of d and 5?
5
Let i(g) be the second derivative of g**5/20 - 7*g**4/12 + 7*g**3/6 + 7*g**2/2 - 3*g. Let a be i(6). Calculate the greatest common factor of a and 143.
13
Let u(b) = b + 2. Let p be u(8). Suppose 5*g + p = 0, -4*g + g = -3*n - 18. Let c = n - -11. Calculate the highest common factor of c and 12.
3
Let f(y) = y**2 + 2*y + 1. Let w be f(-6). What is the greatest common divisor of w and 100?
25
Let i be 0/(-1 + 2 - -1). Let q be i + 0 + 5 + -2. Let l be 1/((-4)/(-4))*3. Calculate the greatest common divisor of q and l.
3
Suppose -5*h + 114 = 14. What is the greatest common factor of 100 and h?
20
Suppose -n - 3*q = -67 - 35, 4*n = 3*q + 438. What is the highest common factor of 4 and n?
4
Suppose 5*a + 5*c = 6 + 4, a + 4*c + 1 = 0. Let l(n) = -n**2 - 11*n - 9. Let d be l(-10). Calculate the greatest common factor of a and d.
1
Suppose -3*j = j - 572. Let w(l) = -l**3 + 5*l**2 - l + 1. Let g be w(4). Calculate the highest common factor of j and g.
13
Let b = 525 - 367. Suppose -t + 2*t = v + b, -4*t - 3*v + 646 = 0. Calculate the highest common factor of 20 and t.
20
Let g(l) = -3*l - 6. Suppose -5*p = m - 32, -2*p + 4 + 0 = -4*m. Let a = p - 14. Let j be g(a). What is the highest common divisor of 6 and j?
6
Let i be -6*(-3)/(18/8). Let z(c) = 6 - i*c - 6*c - 2. Let h be z(-6). What is the greatest common factor of h and 11?
11
Let f(q) = 3 + 7*q - 1 - 14. Let d be f(6). Calculate the greatest common divisor of d and 10.
10
Suppose 3*g + 6 = -3*q, -5*q = 2*g - 5*g - 14. Let z 